{"id":1165,"date":"2024-11-10T06:13:25","date_gmt":"2024-11-10T06:13:25","guid":{"rendered":"https:\/\/mkalgerie.com\/?page_id=1165"},"modified":"2024-11-10T08:00:39","modified_gmt":"2024-11-10T08:00:39","slug":"services-petroliers","status":"publish","type":"page","link":"https:\/\/mkalgerie.com\/?page_id=1165","title":{"rendered":"Services P\u00e9troliers"},"content":{"rendered":"\n\n\n<h2>Services p\u00e9troliers<\/h2>\n\n<p>L\u2019expertise de MK ALG\u00c9RIE en mati\u00e8re de p\u00e9trole et de gaz couvre l\u2019ensemble de la cha\u00eene de valeur des hydrocarbures, de l\u2019exploration et de la production en amont aux secteurs m\u00e9dian et aval. Les experts de l\u2019industrie p\u00e9troli\u00e8re et gazi\u00e8re de MK ALG\u00c9RIE comprennent les besoins de leurs clients et g\u00e8rent chaque projet avec une attention exceptionnelle \u00e0 la performance en mati\u00e8re de s\u00e9curit\u00e9. Nos \u00e9quipes poss\u00e8dent les connaissances, les comp\u00e9tences et une vaste exp\u00e9rience pour relever tous les d\u00e9fis auxquels sont confront\u00e9s nos clients et leur proposer des solutions durables en utilisant des approches flexibles et sur mesure.\n<\/p>\n\n\n\n\n\n\n\n<h6>CONSTRUCTION M\u00c9TALLIQUE ET M\u00c9CANIQUE<\/h6>\n<p style=\"text-align: center;\"><br>Nos \u00e9quipes apportent leurs comp\u00e9tences architecturales et techniques pour tous types d\u2019ouvrages : charpentes m\u00e9talliques, verri\u00e8res, ponts, fa\u00e7ades, pyl\u00f4nes, portiques, couvertures, bardages, m\u00e9canique sp\u00e9ciale, onshore p\u00e9trolier, etc.<\/p>\n\n\n\n\n\n\n\n\n\nEtude et montage de pont roulant\nEtude et montage des structures m\u00e9talliques et Charpentes\nMontage et Installation compl\u00e8te des \u00e9quipements m\u00e9caniques\nMaintenance des \u00e9quipements m\u00e9caniques\n\n\n\n\n\n<h6>Services \u00e9chafaudage<\/h6>\n<p style=\"text-align: center;\"><br>Parfaitement \u00e9quip\u00e9s, nous assurons la livraison et la pose d&rsquo;\u00e9chafaudages qui s&rsquo;adaptent \u00e0 tous vos b\u00e2timents!.<\/p>\n<p style=\"text-align: center;\"><br>Nous assurons un service de pose complet qui garantit expertise, rapidit\u00e9 et s\u00e9curit\u00e9..<\/p>\n\n\n\n\n\n\n\n\n\nProgramme d&rsquo;activit\u00e9s\nUn service complet et dynamique\nConcept sant\u00e9 s\u00e9curit\u00e9 au travail\n\n\n\n\n\n\n\n\n\n\n\n\n\n\nRespect des normes de s\u00e9curit\u00e9\nRespect des normes environnementales\nRespect de vos proc\u00e9dures de qualit\u00e9\n\n\n\n\n\n\n<h6>MAINTENANCE INDUSTRIELLE<\/h6>\n<p style=\"text-align: center;\"><br>Parce que votre production n\u2019attend pas, nous vous proposons un ensemble de services sur\nsites ou en ateliers : Un service 24H\/24 7J\/7.\nGr\u00e2ce \u00e0 notre cha\u00eene de prise de d\u00e9cision courte, notre plus grande force est d\u2019avoir des\ncapacit\u00e9s d\u2019engagement dignes Pour r\u00e9pondre aux besoins. De la maintenance Curative ou\npr\u00e9ventive d\u2019\u00e9quipements Singuliers, \u00e0 la maintenance des syst\u00e8mes entiers, nous vous permettons d\u2019obtenir le rendement Optimal sur vos \u00e9quipements<\/p>\n\n\n\n\n\n\n\n\n\n\n\n\n\n<h6>SOUDAGE ET CONTROLE DE SOUDAGE<\/h6>\n<p style=\"text-align: justify;\"><br>MK ALG\u00c9RIE propose \u00e0 ses clients des activit\u00e9s de mise en \u0153uvre des m\u00e9taux en feuilles, des tubes et des profil\u00e9s pour la r\u00e9alisation d\u2019\u00e9quipements destin\u00e9s aux secteurs de l\u2019industrie alimentaire, chimique, \u00e9nerg\u00e9tique (p\u00e9trole, gaz, nucl\u00e9aire), de la charpente (b\u00e2timents, ouvrages d\u2019art, ponts, structures m\u00e9talliques terrestres et marines), de la manutention et du traitement des gaz et des liquides (canalisations terrestres et marines, \u00e9quipements sous pression) et de leur stockage (cuves et r\u00e9servoirs de stockage, semi-enterr\u00e9s ou enterr\u00e9s), ainsi que de la menuiserie et du mobilier m\u00e9talliques. Ce secteur g\u00e9n\u00e9raliste de l\u2019industrie est \u00e0 l\u2019origine de nombreux m\u00e9tiers sp\u00e9cialis\u00e9s tels que tuyauteur, charpentier ou menuisier m\u00e9talliques.\n\n.<\/p>\n<p style=\"text-align: justify;\"><br>MK ALG\u00c9RIE propose \u00e9galement ses services dans la pr\u00e9fabrication et le montage des tuyauteries industrielles et des circuits gazeux de fluides\n.<\/p>\n\n\n","protected":false},"excerpt":{"rendered":"","protected":false},"author":1,"featured_media":0,"parent":0,"menu_order":0,"comment_status":"closed","ping_status":"closed","template":"","meta":{"pagelayer_contact_templates":[],"_pagelayer_content":"","footnotes":""},"class_list":["post-1165","page","type-page","status-publish","hentry"],"_links":{"self":[{"href":"https:\/\/mkalgerie.com\/index.php?rest_route=\/wp\/v2\/pages\/1165","targetHints":{"allow":["GET"]}}],"collection":[{"href":"https:\/\/mkalgerie.com\/index.php?rest_route=\/wp\/v2\/pages"}],"about":[{"href":"https:\/\/mkalgerie.com\/index.php?rest_route=\/wp\/v2\/types\/page"}],"author":[{"embeddable":true,"href":"https:\/\/mkalgerie.com\/index.php?rest_route=\/wp\/v2\/users\/1"}],"replies":[{"embeddable":true,"href":"https:\/\/mkalgerie.com\/index.php?rest_route=%2Fwp%2Fv2%2Fcomments&post=1165"}],"version-history":[{"count":32,"href":"https:\/\/mkalgerie.com\/index.php?rest_route=\/wp\/v2\/pages\/1165\/revisions"}],"predecessor-version":[{"id":1257,"href":"https:\/\/mkalgerie.com\/index.php?rest_route=\/wp\/v2\/pages\/1165\/revisions\/1257"}],"wp:attachment":[{"href":"https:\/\/mkalgerie.com\/index.php?rest_route=%2Fwp%2Fv2%2Fmedia&parent=1165"}],"curies":[{"name":"wp","href":"https:\/\/api.w.org\/{rel}","templated":true}]}}